1 + -1. Let h be 16/(-6)*3/s. Give l(h).
-7
Suppose 0 = -g - 5*z + 2*z - 1, -2*g + 3*z - 11 = 0. Let p = g - 2. Let c(x) = x**3 + 6*x**2 + 2*x + 9. Determine c(p).
-3
Let a(x) = -x**3 - 6*x**2 + 7*x + 7. Let d be (14/(-8))/((-5)/(-20)). Calculate a(d).
7
Let c(f) = 5 - 5 + f + 5. Let y be 0 + 1*(-120)/(-2). Let x be (2/4)/((-6)/y). Give c(x).
0
Suppose -3*g = -3, 5*b + 3*g + 0 = -2. Let j(u) be the first derivative of -u + 0*u**2 - 1 - 5/3*u**3. Give j(b).
-6
Let q(k) = -k**3 + 6*k**2 + 3. Let w(o) = -o**3 - 11*o**2 + 6. Let x be w(-11). Determine q(x).
3
Suppose -2*y + y - 22 = 5*v, 2*v - 5*y - 2 = 0. Let l(r) = r**3 + 3*r**2 - 4*r - 1. Calculate l(v).
-1
Let c(d) be the first derivative of -1/3*d**3 + 3 + 0*d**2 + 2*d. Determine c(0).
2
Suppose -5*o - 10 = -u + 3, -4*u + 18 = -3*o. Let p(t) = -t**u - 8*t**3 - t + 1 - t**2 + t. What is p(1)?
-9
Let g(k) = 2*k**2 + 6*k + 1. Let m = 1 - -9. Let f be 1/2 - 45/m. What is g(f)?
9
Let p(w) = 2*w - 13 + 5*w**2 - 4*w - 4 + 18. What is p(1)?
4
Let c be (-63)/(-12) - (-3)/4. Let d be 10/4 - (-3)/c. Let j(t) = t - 2*t - 11*t**d + 4*t**2 - 6*t**2 + 3*t**3. Calculate j(-1).
7
Let o be 3*((-2)/3 + 0). Let i(s) = 2 - 1 + 461*s - 459*s + s**2. Calculate i(o).
1
Let y(p) = p**3 - 4*p**2 + 2*p. Let x(c) = 6*c + 1 + 0 - 5 + c**2. Let u be x(-5). Let a be u/(-2)*2/3. What is y(a)?
-3
Let u(p) = -2*p**2 + 10*p. Let m(j) = j**2 - 5*j. Let n be 1/(-2)*2 - -19. Let l = -13 + n. Let i(s) = l*m(s) + 3*u(s). Give i(4).
4
Let a(i) = -4*i**2 - i + 1. Suppose 2*s + 2 - 4 = 0. Give a(s).
-4
Let h(b) = 5*b + 9. Let t(i) = i. Let n(y) = -7*y + 2. Let p(g) = -3*n(g) - 24*t(g). Let k(a) = 5*h(a) + 8*p(a). Give k(2).
-1
Suppose -d + 3*s = -4, d - 4*s - 4 = -0. Suppose -2*k + 12 = k + l, 6 = d*k - 2*l. Suppose 0 = -4*r - k - 1. Let v(a) = 7*a + 1. Calculate v(r).
-6
Let k(c) = c**3 + 5*c**2 - 8*c - 8. Let v be (-3)/(-9) + (-2)/6. Let f(a) = -a + 8. Let g be f(4). Suppose 15 = -3*y - 3*t, v = -0*y - y - 2*t - g. Give k(y).
4
Suppose 0 = -2*c + 5*t + 33, -3*t - 14 = -c - t. Let a(x) = -3*x**2 + 9*x + c*x**2 - 6 - 4*x. Let b be (-7)/((-35)/(-40)) - -2. What is a(b)?
0
Let u(k) = -k**2 - 9*k - 1. Let o be u(-6). Suppose -3*p - 2 + o = 0. Let v(z) = 0 + 6*z**2 + 6 - 2*z**3 + z**3 - p*z. Determine v(5).
6
Let l(a) = 3*a - 6. Suppose -p + 2 = -5. Let n be p/4 - 2/(-8). Suppose c + n*c + k = 9, 0 = -4*k - 12. What is l(c)?
6
Let a be (-3)/(12/20) + 5. Let t(w) = w + 8. Determine t(a).
8
Let m = 8 + -11. Let d(n) = -n. Determine d(m).
3
Let u(n) = n + 38. Let t(p) = -19. Let f(i) = 9*t(i) + 4*u(i). Let r(b) = 2*b - 9. Let l(h) = -2*f(h) + 5*r(h). What is l(6)?
5
Suppose -2*u - 1 = -9. Let t(c) = 4 + 6*c**3 - 3*c**3 + 2*c + u*c**3 - 3. What is t(-1)?
-8
Suppose 4*x + 62 = 82. Let r(z) be the first derivative of 3*z**2 - 2 - x*z - 1/4*z**4 + z**3. What is r(4)?
3
Let o(m) = m - 2. Suppose u + w = 3*u - 40, -80 = -4*u - 4*w. Let q be u/6 + 2/3. What is o(q)?
2
Let z(t) = -3*t**2 + 1. Let b(c) = c + 3. Let v be b(-5). What is z(v)?
-11
Let w = -9 - -11. Let p be -2 + (-4)/8*w. Let j(z) = -2*z + 2. Determine j(p).
8
Let l(j) be the first derivative of j**3/3 - 2*j**2 - 2*j + 2. Let q(m) = m**2 - 5*m - 1. Let u(h) = 4*l(h) - 3*q(h). Let p be 4/1 + (-1 - -1). Give u(p).
7
Let q(o) = o - 1. Let k be 1*3*3/(-9). Let h(w) = 5 - 2*w - 2*w - 3*w + w. Let g(r) = k*h(r) - 5*q(r). Determine g(-1).
-1
Let c be (-2 + (1 - 0))*-5. Let t(r) = 0 - 4 - 1 + 4 - c*r. Let v(n) = -n + 1. Let k(w) = -t(w) + 6*v(w). Give k(5).
2
Let w = 0 + -2. Let m = 0 - w. Let g(t) = 1 - t**2 + 0*t**2 + 0*t**m. Give g(1).
0
Let c(a) = -a + 8. Let f be c(5). Let d = 13 - 11. Let u(o) = 1 - 2 + d*o - 2. Give u(f).
3
Let q(u) = -u**3 - 6*u**2 + 1. Let v = -58 + 52. Calculate q(v).
1
Let s(p) = p + 11. Let j be s(-8). Let z(i) = i - 3*i**3 + 4*i**3 - i**3 + 1 + i**j. Determine z(-1).
-1
Let x be -1*14 - (0 + -1). Let i = 15 - 9. Let o(m) = 11*m - 5. Let t(c) = 5*c - 2. Let p(y) = i*o(y) + x*t(y). Calculate p(4).
0
Let c(u) = -u. Let s(p) = 5*p - 5. Let w(d) = 6*c(d) + s(d). Suppose 2*a - r + 2 = -2, 5*r + 16 = a. Determine w(a).
-1
Let t(w) = -w + 11*w**3 - 12*w**3 + 6 + 9*w**2 - 1. Let z be t(9). Let v(x) = -5*x - 2. What is v(z)?
18
Let c(m) = 5*m**2. Let w(h) = h**2 - 12*h + 10. Let a be w(10). Let y = a - -9. Give c(y).
5
Let u(g) = 75*g + 75*g + 1 - 149*g. Determine u(-5).
-4
Let t(p) = -1 - 2*p + 0 - 3 + 3*p. Calculate t(4).
0
Let c(d) = -2*d**2 + 3*d + 2. Let b be 60*-1*4/(-6). Suppose -x - 3*g = -9, 2*x + 2*g = 7*x + b. Let q be (x/(-10))/(10/50). Give c(q).
-7
Let u(g) = 1 + 9 - 3*g + 2*g + 1. What is u(0)?
11
Suppose -k + 13 = 5*t, -k + 5 = -5*t + 4*k. Suppose 0 = 2*q + 4*h - 2, t*h = -5*q + 5 + 16. Let u(w) = 4*w - 1 - 1 - 3*w. Give u(q).
3
Let l = 0 + 0. Let f(v) = -7 + v**2 + 3*v**3 + 0 + 0 + v - 2*v**3. Determine f(l).
-7
Let v = 15 + -13. Let g = -3 - v. Let m(s) be the first derivative of s**2/2 + 1. What is m(g)?
-5
Let w(k) be the first derivative of -k**2/2 - k + 6. Determine w(-3).
2
Let b(y) = y - 3. Suppose -4 = k - 24. Let n be (-4)/(-12)*(-12)/(-2). Suppose n*u - 4*u = 0, 5*j = u + k. Determine b(j).
1
Let j(a) be the first derivative of a**2/2 - 21. Give j(-8).
-8
Let h(s) = 2*s**2 + 5*s + 1. Let l(d) = d**2 - d. Let w(c) = -h(c) + l(c). Calculate w(-4).
7
Suppose 2*i = 3*i + 6. Suppose -2*m - h = -7*m + 38, 2*h + 20 = 2*m. Let r = m + i. Let z(g) = 5*g. Determine z(r).
5
Let i(z) = -2*z - 3. Let h be (-2)/10 + (-57)/15. What is i(h)?
5
Let f(w) = w**2 + 4*w - 9. Let n be f(-5). Let a(g) = -g**3 - 5*g**2 - g + 2. Calculate a(n).
-10
Let u be (5/15)/(1/15). Let v(d) = d**2 - 6*d - 1. Determine v(u).
-6
Suppose -8*u - 7 = -31. Let r(v) = -v**3 + 2*v**2 + 3. Determine r(u).
-6
Let z(r) = r**2 - 2*r - 1. Suppose 0 = c - 1 - 2. Suppose -4*g = -g, -5*q - 5*g = -20. Suppose -h - q = -c*h. What is z(h)?
-1
Let w(g) = -2*g + 6 - 4*g**2 + g**3 + 1 - g**2. Let c(z) = 19*z**2. Let v be c(1). Suppose -5*r + 6 + v = 0. Determine w(r).
-3
Suppose -5*n - 12 = -47. Let k(m) = m. Give k(n).
7
Let v = -12 - -9. Let o(y) = -y - 8. Let d(f) = -9. Let u(n) = 4*d(n) - 5*o(n). Determine u(v).
-11
Let w(p) = -p**3 + 9*p**2 - 11*p + 17. Let i be w(8). Let l(s) = -s**3 - 7*s**2. Determine l(i).
0
Let h(l) = 3 - 4*l + 4*l + 5 - l. Determine h(0).
8
Let a = 0 - -2. Let l(i) = 3*i - 2*i**2 - i**3 + 3*i**2 + 0*i**a - 2*i - 3. Give l(0).
-3
Let r(k) = -k + 3. Suppose 6 + 14 = -4*m. Calculate r(m).
8
Let p(m) = m**2 - 7*m + 2. Let z = 16 - 11. Calculate p(z).
-8
Let o = -12 - -4. Let s = o - -10. Let c(k) = -7*k - 4*k**s - k**3 + 9*k - 3*k - 4. Calculate c(-4).
0
Let w(u) = 5*u**2 - 43*u**3 + 42*u**3 + 7*u - u + 3. Let p = 10 - 4. Give w(p).
3
Let z(j) = -j**3 + 5*j**2 + 5*j + 3. Let h = 37 + -31. Give z(h).
-3
Let o(h) = h**2 + h. Let b(n) be the second derivative of -n**3/2 + 31*n**2/2 + n. Let s(f) = f - 10. Let d(x) = 2*b(x) + 7*s(x). Let t be d(8). What is o(t)?
0
Let c = 6 - 5. Suppose -2*m + 5*m - 3 = 0. Let j = c + m. Let g(x) = -5*x + 2. What is g(j)?
-8
Let u(q) = q**3 - 4*q**2 + 2*q + 1. Let d = -17 + 13. Let r be 10*(-3)/30*d. Calculate u(r).
9
Suppose 4*x + 33 = -c, 4 = 2*x - 4*c - 2. Let q(g) = -2*g - 15 + 2*g - g + 17. Calculate q(x).
9
Let p(o) = -3*o - 4. Suppose 5*l = 3*q - 37, -q = 2*l - 5*l - 23. Determine p(l).
20
Suppose 5*m + 17 = -2*t, 6 = -5*m - 9. Let r(a) = 4*a**2 + 9*a + 11. Let g(u) = 2*u**2 + 5*u + 6. Let v(i) = 11*g(i) - 6*r(i). What is v(t)?
-3
Suppose 5*w + 24 = -5*y - 16, 3*y = 2*w + 1. Let i(a) = a**2 + 4*a + 4. Determine i(y).
1
Let a(u) = -5*u + 2. Let v(p) = 6*p - 2. Let o(m) = -7*a(m) - 6*v(m). Let k(b) = 2*b + 12. Let h be k(-7). Give o(h).
0
Let q(u) = 6*u - 6. Let g(h) = 2*h + 4. Let c be g(-7). Let f be (-7 - -6)/((-2)/c). Let r(s) = 1. Let o(x) = f*r(x) - q(x). Give o(-1).
7
Let u(y) = y - 1. Let r(k) be the third derivative of -k**3/6 + 2*k**2. Let s(x) = r(x) - u(x). Calculate s(0).
0
Let q(l) be the second derivative of l**5/20 + l**4/2 + l**3 - l**2 - 7*l. Give q(-5).
-7
Let s(v) = v - 1. Let g(x) = -8*x + 9. Let b(w) = -g(w) - 5*s(w). Give b(6).
14
Let t(x) = -x - 2. Suppose -5*w - 13 = 3*u, 8*w = 5*u + 3*w - 5. Let l(r) = 6*r**2 + r. Let n be l(u). Suppose -2*d = 2*d - n*h + 7, -5*h = -15. Calculate t(d).
-4
Let c(l) be the first deriv